f) = f + 4. Calculate n(b).
1
Let c be (18/(-21))/(36/168). Let p(m) = -4*m + 2. Let n(z) = -4*z + 3. Let u(k) = 5*n(k) - 6*p(k). Give u(c).
-13
Suppose 0 = -0*c - c - 2. Let g be 30*4*c/(-12). Suppose -2*s - a = 4*a + g, 0 = -2*s + 2*a + 8. Let v(h) = h**2 - h - 3. What is v(s)?
-3
Let p = 1 + 1. Let s(v) = v**3 + v**2 + 1. Let z(x) = -6*x**3 - 2*x**2 - 2*x - 1. Let k(j) = 4*s(j) + z(j). What is k(p)?
-9
Let b(h) = -2*h**2 + 2*h + 2. Suppose 0 = 4*z - 1 - 11. Suppose 0 = -4*q - d + 9 + 4, -5*q + d = -14. Let x be q*z/18*4. Determine b(x).
-2
Suppose 2*d + 2 = 2*v, 0 = 5*d - 4*v + 1 + 4. Let k(l) = 7*l**3 - 2*l**2 + 1. Calculate k(d).
-8
Let m(c) be the first derivative of c**2 - 3*c + 4*c - c**3 + 3*c**3 + 1. Determine m(-1).
5
Let b(v) = -v**3 - v**2 + 5. Let u be (-75)/(-27) - (-6)/27. Suppose -u*q = 5*r + q, r = 4*q. Determine b(r).
5
Let z(m) = -5*m + 3 + m**2 - 5 - 3*m - 2*m**2. Suppose o - 5*u - 25 + 6 = 0, -4*u + 4 = -4*o. What is z(o)?
10
Let j be (-2)/5 + (-4)/(-10). Let d(z) be the second derivative of -z - 9/2*z**2 + 1/6*z**3 + 0. Give d(j).
-9
Let w be (-1)/4 + (-136)/(-32). Let s(v) = -v**3 + 4*v**2 - v - 4. What is s(w)?
-8
Suppose 11 + 1 = 3*d. Let h(f) = -1 + 2*f + 3 - d. Let w = 13 - 15. What is h(w)?
-6
Let z(f) = 3*f**2 - 12*f - 14. Let k(g) = -g**2 + 4*g + 5. Let n(o) = 8*k(o) + 3*z(o). Let d = -7 + 10. Suppose 2*h + d*h - 25 = 0. Give n(h).
3
Let p(f) be the second derivative of f**5/20 - 7*f**4/12 + 5*f**3/6 + f**2/2 - 7*f. Give p(6).
-5
Let q(j) be the second derivative of 1/6*j**3 + 0 + 1/6*j**4 - 1/2*j**2 - 4*j. Give q(-2).
5
Let q = -1 + 4. Let r(a) = 4*a + 4*a + 3*a - q - 6*a. Calculate r(2).
7
Let i(m) = 5*m**2 - 3*m + 1. Let f(d) = -d + 5*d**2 - d**2 - 2*d. Let g(b) = 4*f(b) - 3*i(b). What is g(-2)?
7
Let k(t) = -t**3 - 4*t**2 + 2*t - 9. Suppose f = h - 2, 0 = 5*f - 4*h - 0 + 5. Let m(u) = -u**3 - 5*u**2 + 3*u - 10. Let b(s) = f*m(s) - 4*k(s). What is b(0)?
6
Let n(q) be the third derivative of -q**6/120 + q**5/30 + q**4/24 - q**3/3 - 2*q**2. Suppose 179 = 4*d + 171. What is n(d)?
0
Let n(x) = 2119 - 3*x + 0*x**2 - 2*x**2 - 2116. Suppose -4*b + 3*b = 2. Let g be 1/(-1) + b + 0. Determine n(g).
-6
Let x = 27 - 27. Let a(t) = t - 3. Give a(x).
-3
Suppose -12 = h + 2*h + q, -4*h - 4*q - 24 = 0. Let g(o) = -o**3 - 1 - 3*o**2 + 6 - 2. Give g(h).
3
Let c(o) be the first derivative of -o - 5 - 3/2*o**2. Calculate c(2).
-7
Let a(x) be the first derivative of x**4/4 + 2*x**3/3 - 22. Calculate a(-3).
-9
Suppose 0*d = -d + 1. Let a(w) = -2*w + 3*w - 9 - 2*w + 8. What is a(d)?
-2
Let b(o) be the first derivative of o**4/4 + 7*o**3/3 - 4*o**2 - 7*o + 12. Calculate b(-8).
-7
Let n(g) be the second derivative of -1/120*g**5 + 0 + 1/360*g**6 - 1/24*g**4 - 2/3*g**3 - 3*g + 0*g**2. Let x(r) be the second derivative of n(r). Give x(0).
-1
Let c(p) = 14*p**3 + 5*p**2 + 23*p - 26. Let b(n) = -5*n**3 - 2*n**2 - 8*n + 9. Let o(t) = 17*b(t) + 6*c(t). Calculate o(-5).
12
Let q be (5/10)/(1/(-20)). Let y(t) = -t - 9. Give y(q).
1
Let z(o) = 3*o**2 + 7*o + 4. Let u(s) = 10*s**2 + 22*s + 13. Let a(y) = -2*u(y) + 7*z(y). Determine a(-3).
-4
Let s(t) be the third derivative of t**6/40 - t**4/24 + 2*t**2. Calculate s(1).
2
Let y(d) = 10 + 3*d - 4*d - 18. Give y(-6).
-2
Let p = 1 + 4. Let o(v) be the first derivative of v**2/2 - 6*v - 2. What is o(p)?
-1
Let p = 8 + -6. Let r(u) be the first derivative of u**7/840 - u**5/40 + u**4/24 - u**3/3 - 1. Let b(z) be the third derivative of r(z). Calculate b(p).
3
Let n = -110 + 110. Let y(q) = q**2 + q - 7. Determine y(n).
-7
Suppose -o + 0 - 5 = -3*f, 4*f - 8 = o. Let n(d) = 8*d + 2. Let x(s) = s + 1. Let t(r) = n(r) - 6*x(r). Calculate t(f).
2
Let u(g) = -28*g**2 - 2*g + 47*g**2 - 20*g**2. Determine u(-3).
-3
Let k = -3 + 6. Let o(g) = -5*g**2 - 1 + g**k + g**3 + g + 0*g - g**3. Give o(5).
4
Let g(d) = d**2 - d**2 - 2*d + d**2 - 4. Let a be -6*(24/9)/(-4). Give g(a).
4
Let o = 5 + -4. Let p = -1 - o. Let f = 0 + p. Let a(j) = 2*j + 3. What is a(f)?
-1
Let v(u) = -7*u + 14. Let k be v(3). Let x(i) = -i - 3. What is x(k)?
4
Let j(f) be the third derivative of -f**5/5 + f**3/6 + 45*f**2. What is j(-1)?
-11
Let u(i) be the third derivative of 0 + 0*i + 4*i**2 + 1/2*i**3 + 1/24*i**4. Calculate u(-4).
-1
Let p be 5 + (-1 + -2 - -1). Suppose 3*z + 2*j - 7 = p*j, 2*j - 6 = -4*z. Let s be 0 - 2/z - -6. Let g(w) = w - 12. Calculate g(s).
-7
Let u be -6*3/(-6) + -1. Suppose -u*s - 5 = 1. Let l(d) be the first derivative of -d**4/4 - 2*d**3/3 + 3*d**2/2 + d - 4. Determine l(s).
1
Let d be (2/6)/((-2)/(-6)). Let v(b) = 4*b**2 - 5*b. Let o(q) = -4*q**2 + 6*q. Let m(r) = -4*o(r) - 5*v(r). Give m(d).
-3
Let c be -4 + 4 + 1 + 1. Let p(v) = -2*v**2 + v + 4 - 3 - v**c + 0*v. Determine p(-1).
-3
Let y(z) = -z**3 + 6*z**2 - 2*z + 6. Let q be -12*1*(-4)/8. Calculate y(q).
-6
Let i(l) = -3*l - 2. Let c(u) = -13*u - 8. Let a(p) = -2*c(p) + 9*i(p). Suppose -5*n = -5 + 25. Calculate a(n).
2
Let z(y) = -2*y**2 + 8. Suppose i + 7 - 3 = 0. Let x(f) = -f**2 + 4. Let g(w) = i*z(w) + 9*x(w). Calculate g(0).
4
Suppose 16*x + 12 = -20. Let o(t) = -t**2 + 3*t + 1. Calculate o(x).
-9
Suppose 0 = -2*t + 6. Let v(r) = 8*r + 2 - 4*r**2 + 0 - t*r + 5*r**2. Calculate v(-5).
2
Let h(m) be the second derivative of m**5/20 - 7*m**4/12 - m**3/3 - 3*m**2 + 12*m. Determine h(7).
-20
Let m(t) = -t - 1. Let p(n) = -n - 3. Let q be p(-2). Let c(u) = -12*u - 6. Let l(b) = q*c(b) + 5*m(b). Determine l(-2).
-13
Let g(v) = v**3 + 5*v**2 + 5*v + 6. Let f be g(-4). Suppose f*u = 5*d + 10, 7*d = -2*u + 4*d - 6. Let m(a) = a**3 + a**2 - a + 13. Calculate m(u).
13
Let w(h) = -5*h - 2. Let n(d) = -6*d - 3. Let t(k) = -4*n(k) + 5*w(k). Calculate t(-5).
7
Let w = -84 + 83. Let y(u) = -27*u**2 - 3*u - 3. Let z(l) = -9*l**2 - l - 1. Let s(h) = 2*y(h) - 7*z(h). Determine s(w).
9
Let u(c) = -243 + 0*c + 244 - c. Let i = 3 - -3. What is u(i)?
-5
Let r(w) = w**2 - 2*w + 3. Let q(m) = 3*m**2 - 6*m + 8. Let b(j) = -3*q(j) + 8*r(j). Let l be (5 - 2)/(-2*(-12)/(-16)). Determine b(l).
-8
Let b = 1 - 23. Let u = b - -20. Let p(t) = -4 + 1 - 4*t - 3*t**2 - t**3 + 0*t**2. Determine p(u).
1
Let t be -2*(6 - 5) + 39/3. Let j(w) = -w + 14. Calculate j(t).
3
Let h(j) = -j + 6*j + j + 2*j**2 + 4. What is h(-4)?
12
Let b(a) = -a - 2. Let g be (-42)/11 - 6/33. Let n = g + 1. Give b(n).
1
Let u(n) = n**3 + 11*n**2 - 14*n - 18. Let w be u(-12). Let z(a) = -a + 1. Determine z(w).
-5
Let l(n) = -n**3 + n**2 + n + 3. Let c(f) = f**3 - 6*f**2 + 6*f - 1. Let a be c(4). Let d be -3 - (-2)/((-6)/a). What is l(d)?
3
Let b = 105 + -115. Let r(w) = -w**3 - 10*w**2 + 2*w + 15. Determine r(b).
-5
Suppose -2*d = 5*v - 1 - 28, 5*d + 5*v = 35. Let f(u) = -3*u**2 + 8*u + 10. Let j(o) = o**2 - 4*o - 5. Let c(l) = d*f(l) + 5*j(l). Let g = -7 - -2. Give c(g).
-10
Let u(q) = -2*q + 4. Let t be 1*-1*(2 - 1). Suppose 14 = -3*f + 5*x, -3*f - x + 14 = x. Let s = t - f. Determine u(s).
10
Let y(b) = b**2 - 5*b. Suppose 5*o - o = -3*i + 56, -2*i - o = -44. Let n be (11/((-22)/i))/(-2). Calculate y(n).
6
Let y = 18 + -14. Let s(h) = h**2 - 2*h - 4. What is s(y)?
4
Let x(u) = -u**2 + 5*u - 1. Suppose d - 1 = 0, 0*o + 5*o - 2*d = -27. Let t = o - -9. Suppose 4*w = -2*b + 12, -3*w - t*b - 41 = -8*w. What is x(w)?
-1
Let a(c) = 0*c - 2*c + 4*c - 10. Let j be a(7). Let b(h) = h**2 - 4*h + 1. Let o(i) = -i + 1. Let y(x) = b(x) - 2*o(x). Calculate y(j).
7
Suppose -2*z - z - 3 = 4*o, -4*o + 2*z = -2. Let s(i) = -i**2 - i - 1. What is s(o)?
-1
Let j(a) = -a - 1. Let s(t) = 6*t + 6. Let c(i) = -5*j(i) - s(i). What is c(-7)?
6
Let n(s) = 3*s**2 + 14*s + 23. Let r(y) = 5*y**2 + 5*y + 11 - 3 - 4*y**2. Let t(w) = -6*n(w) + 17*r(w). Give t(2).
-4
Let f be -6 + -5 + 14 + 2. Suppose 0 = q - 2. Let b(h) = q*h + 2 + 3*h - 4*h. Calculate b(f).
7
Let u(t) = -5*t**2 - 2*t - 6. Let q(d) = -6*d**2 - 2*d - 7. Let g(y) = 6*q(y) - 7*u(y). Calculate g(4).
-8
Let o(k) = -4*k**2 - 2*k + k + 3 + 3*k**2. Give o(-3).
-3
Let j(p) = p - 7. Let o(i) be the second derivative of i**4/12 - i**3/6 - i**2 - 4*i. Let z be o(2). Give j(z).
-7
Suppose 5*s - p = -23, 2*s - p + 5 + 6 = 0. Let c(x) = x**2 + x + 2. Let u be c(-3). Let r(l) = u*l**2 + 2*l**3 - 2*l - 13*l**2 + 1 - 3*l**3. Give r(s).
-7
Let d(a) = -4*a + 13*a**2 - 2*a + 3*a - 14*a**2 + 1.